e factors of 137.
137
What are the prime factors of 932?
2, 233
List the prime factors of 168.
2, 3, 7
List the prime factors of 223.
223
What are the prime factors of 11905?
5, 2381
List the prime factors of 2550.
2, 3, 5, 17
List the prime factors of 2689.
2689
List the prime factors of 3079.
3079
List the prime factors of 174.
2, 3, 29
List the prime factors of 427.
7, 61
List the prime factors of 1277.
1277
List the prime factors of 5986.
2, 41, 73
List the prime factors of 1921.
17, 113
List the prime factors of 64710.
2, 3, 5, 719
What are the prime factors of 2535?
3, 5, 13
List the prime factors of 11418.
2, 3, 11, 173
List the prime factors of 4377.
3, 1459
What are the prime factors of 1003?
17, 59
What are the prime factors of 2072?
2, 7, 37
What are the prime factors of 1677?
3, 13, 43
List the prime factors of 75900.
2, 3, 5, 11, 23
What are the prime factors of 4170?
2, 3, 5, 139
What are the prime factors of 103550?
2, 5, 19, 109
List the prime factors of 30768.
2, 3, 641
List the prime factors of 1595.
5, 11, 29
What are the prime factors of 13978?
2, 29, 241
List the prime factors of 309.
3, 103
List the prime factors of 222.
2, 3, 37
What are the prime factors of 4866?
2, 3, 811
List the prime factors of 1052.
2, 263
What are the prime factors of 23?
23
List the prime factors of 1644.
2, 3, 137
What are the prime factors of 15031?
15031
List the prime factors of 1270.
2, 5, 127
List the prime factors of 286.
2, 11, 13
List the prime factors of 9683.
23, 421
What are the prime factors of 11729?
37, 317
What are the prime factors of 9621?
3, 1069
What are the prime factors of 2190?
2, 3, 5, 73
List the prime factors of 71814.
2, 3, 11969
What are the prime factors of 4555?
5, 911
What are the prime factors of 1656?
2, 3, 23
List the prime factors of 17008.
2, 1063
What are the prime factors of 41387?
41387
What are the prime factors of 2990?
2, 5, 13, 23
List the prime factors of 2166.
2, 3, 19
List the prime factors of 4574.
2, 2287
List the prime factors of 25380.
2, 3, 5, 47
What are the prime factors of 6493?
43, 151
List the prime factors of 963.
3, 107
List the prime factors of 13336.
2, 1667
What are the prime factors of 1710?
2, 3, 5, 19
What are the prime factors of 25472?
2, 199
What are the prime factors of 57115?
5, 11423
What are the prime factors of 4589?
13, 353
List the prime factors of 35266.
2, 7, 11, 229
List the prime factors of 18.
2, 3
What are the prime factors of 21908?
2, 5477
What are the prime factors of 6156?
2, 3, 19
List the prime factors of 56823.
3, 13, 31, 47
List the prime factors of 5750.
2, 5, 23
What are the prime factors of 2062?
2, 1031
List the prime factors of 5917.
61, 97
List the prime factors of 27638.
2, 13, 1063
What are the prime factors of 34481?
29, 41
List the prime factors of 133553.
7, 19079
List the prime factors of 22893.
3, 13, 587
What are the prime factors of 4510?
2, 5, 11, 41
List the prime factors of 48301.
11, 4391
List the prime factors of 406.
2, 7, 29
What are the prime factors of 30282?
2, 3, 7, 103
What are the prime factors of 34777?
83, 419
List the prime factors of 2354.
2, 11, 107
List the prime factors of 13228.
2, 3307
List the prime factors of 1332.
2, 3, 37
List the prime factors of 76694.
2, 31, 1237
List the prime factors of 6094.
2, 11, 277
List the prime factors of 1139.
17, 67
List the prime factors of 74632.
2, 19, 491
What are the prime factors of 705?
3, 5, 47
List the prime factors of 33246.
2, 3, 1847
What are the prime factors of 687?
3, 229
List the prime factors of 1222.
2, 13, 47
List the prime factors of 3743.
19, 197
List the prime factors of 1506.
2, 3, 251
What are the prime factors of 494?
2, 13, 19
What are the prime factors of 471?
3, 157
List the prime factors of 33620.
2, 5, 41
List the prime factors of 19307.
43, 449
List the prime factors of 314.
2, 157
What are the prime factors of 17565?
3, 5, 1171
What are the prime factors of 6390?
2, 3, 5, 71
List the prime factors of 5849.
5849
What are the prime factors of 897?
3, 13, 23
List the prime factors of 50306.
2, 25153
List the prime factors of 135682.
2, 179, 379
List the prime factors of 7159.
7159
What are the prime factors of 91816?
2, 23, 499
What are the prime factors of 4937?
4937
List the prime factors of 4948.
2, 1237
List the prime factors of 34711.
103, 337
List the prime factors of 796.
2, 199
What are the prime factors of 813?
3, 271
What are the prime factors of 13393?
59, 227
What are the prime factors of 1289?
1289
What are the prime factors of 1656?
2, 3, 23
List the prime factors of 9544.
2, 1193
What are the prime factors of 652?
2, 163
List the prime factors of 21568.
2, 337
List the prime factors of 55332.
2, 3, 29, 53
List the prime factors of 38142.
2, 3, 13, 163
List the prime factors of 29404.
2, 7351
What are the prime factors of 6?
2, 3
What are the prime factors of 4549?
4549
List the prime factors of 3351.
3, 1117
What are the prime factors of 150655?
5, 29, 1039
List the prime factors of 4491.
3, 499
What are the prime factors of 13661?
19, 719
List the prime factors of 12505.
5, 41, 61
What are the prime factors of 43303?
13, 3331
List the prime factors of 32656.
2, 13, 157
List the prime factors of 86789.
59, 1471
What are the prime factors of 4520?
2, 5, 113
List the prime factors of 819.
3, 7, 13
List the prime factors of 470.
2, 5, 47
What are the prime factors of 1576?
2, 197
List the prime factors of 2356.
2, 19, 31
List the prime factors of 89898.
2, 3, 14983
List the prime factors of 14971.
11, 1361
What are the prime factors of 68580?
2, 3, 5, 127
List the prime factors of 377.
13, 29
What are the prime factors of 4181?
37, 113
What are the prime factors of 501?
3, 167
List the prime factors of 3338.
2, 1669
What are the prime factors of 454?
2, 227
What are the prime factors of 16515?
3, 5, 367
List the prime factors of 1751.
17, 103
What are the prime factors of 36468?
2, 3, 1013
What are the prime factors of 904?
2, 113
List the prime factors of 111135.
3, 5, 31, 239
What are the prime factors of 90285?
3, 5, 13, 463
What are the prime factors of 94796?
2, 13, 1823
List the prime factors of 27361.
27361
What are the prime factors of 880?
2, 5, 11
List the prime factors of 13362.
2, 3, 17, 131
What are the prime factors of 23931?
3, 2659
What are the prime factors of 571?
571
What are the prime factors of 79615?
5, 15923
List the prime factors of 738.
2, 3, 41
What are the prime factors of 5375?
5, 43
What are the prime factors of 171856?
2, 23, 467
List the prime factors of 16110.
2, 3, 5, 179
List the prime factors of 56342.
2, 11, 13, 197
List the prime factors of 25649.
13, 1973
List the prime factors of 50365.
5, 7, 1439
What are the prime factors of 17737?
17737
What are the prime factors of 801?
3, 89
List the prime factors of 798.
2, 3, 7, 19
List the prime factors of 2152.
2, 269
What are the prime factors of 13470?
2, 3, 5, 449
What are the prime factors of 7358?
2, 13, 283
What are the prime factors of 1867?
1867
List the prime factors of 859.
859
What are the prime factors of 3988?
2, 997
What are the prime factors of 4774?
2, 7, 11, 31
What are the prime factors of 10572?
2, 3, 881
List the prime factors of 279.
3, 31
What are the prime factors of 8896?
2, 139
List the prime factors of 28158.
2, 3, 13, 19
List the prime factors of 3771.
3, 419
What are the prime factors of 284?
2, 71
What are the prime factors of 667?
23, 29
What are the prime factors of 81?
3
What are the prime factors of 10687?
10687
What are the prime factors of 54342?
2, 3, 3019
List the prime factors of 42345.
3, 5, 941
List the prime factors of 20161.
20161
List the prime factors of 19772.
2, 4943
List the prime factors of 3100.
2, 5, 31
List the prime factors of 217.
7, 31
List the prime factors of 33926.
2, 16963
List the prime factors of 3682.
2, 7, 263
List the prime factors of 1050.
2, 3, 5, 7
What are the prime factors of 545?
5, 109
List the prime factors of 179.
179
What are the prime factors of 93961?
7, 31, 433
What are the prime factors of 8702?
2, 19, 229
What are the prime factors of 22747?
23, 43
What are the prime factors of 5343?
3, 13, 137
What are the prime factors of 1576?
2, 197
List the prime factors of 14761.
29, 509
What are t